4*l(w). Give f(r).
0
Let f be -2 + 6*(-9)/27 + 6. Let d(v) = -v**3 - 2*v**2 + v - 2. Determine d(f).
-16
Let i(d) be the third derivative of -1/24*d**4 + 0 + 0*d + 1/2*d**3 + 16*d**2. What is i(-4)?
7
Let h(b) = 5*b**2 + 12*b - 28. Let o be 22/(2904/468) + 54/(-99). Determine h(o).
53
Suppose 11*v - 25*v = v - 15. Let p(n) = -6*n**3 + 3*n**2 - n - 1. Determine p(v).
-5
Suppose 45*g - 13*g - 26*g - 12 = 0. Let i(b) be the third derivative of 0*b**3 - 11*b**g + 0*b + 0 + 1/24*b**4. Calculate i(8).
8
Let s(d) = 5*d**2 + d - 2. Let f(c) = 23*c**2 - 1. Let l(p) = f(p) - 2*s(p). What is l(2)?
51
Let c(g) = 3*g**2 + 11*g - 18. Let z(h) = -h**3 + 34*h**2 + 285*h + 77. Let u be z(41). What is c(u)?
2
Let h(z) be the first derivative of -z**3/3 + 19*z**2/2 - 7*z - 2202. What is h(13)?
71
Let j(x) = -8 - 26 + 7 - 12*x + 9. Determine j(10).
-138
Suppose 21*t + 4*j = 23*t + 10, 4*j + 45 = -3*t. Let b(y) = -2*y**2 - 23*y - 11. Calculate b(t).
0
Suppose -619 = -4*v + 8*w - 3*w, 0 = -2*v + 3*w + 309. Let r = -157 + v. Let f(t) = -9*t. What is f(r)?
9
Let s(a) = 7*a + 82. Let z(r) = 15*r + 158. Let m(y) = 5*s(y) - 2*z(y). What is m(-18)?
4
Let m be (-1)/(-4) + -6 + (-105)/(-12). Let f(b) = b**2 - 4*b - m*b + 37 - 41. Calculate f(8).
4
Let f(w) = -13*w - 1. Let l(s) = -41*s - 4. Let h(r) = -7*f(r) + 2*l(r). Let a be (3 + -4 + -1)*-11. Let i be (-33)/a*(-4)/(-3). Give h(i).
-19
Let x(a) be the first derivative of a**2 + 6*a - 6. Suppose -4*i - 179 = -5*h, 0 = 2*h + 4*i - i - 90. Let n = -47 + h. Calculate x(n).
-10
Let r(h) = -h**3 - 6*h**2 - h + 3. Let b(z) = -2*z**3 + 43*z**2 + 22*z + 5. Let p be b(22). Suppose 4*u + 3 = -c, 0*u + p*u + 12 = -4*c. What is r(c)?
-21
Suppose 86 = 3*y - 10. Suppose -y = -12*f + 4*f. Let i(o) = -268*o - 5 + 3 + 264*o - o**2 + f. What is i(-3)?
5
Let t(u) be the first derivative of -9*u**2/2 + 27*u - 4532. Calculate t(7).
-36
Let s(k) = -10*k**2 - k - 2. Suppose 3*x = -4*z + 1869, 0 = 4*z + x - 1198 - 681. Let i = -473 + z. Calculate s(i).
-40
Let s(d) = -98 + 0*d + 17*d - 14*d + d. Give s(29).
18
Let n(j) = -5*j + 4. Let x(a) = a + 5*a + 0 - 4. Suppose 18106*b = 18126*b + 100. Let f(m) = b*n(m) - 4*x(m). Give f(7).
3
Let q = 31 - 28. Suppose 2*i + 3 = f, -4*i + q*f - 8 = 1. Let b be 2/4*(i + (0 - -2)). Let k(z) = -6*z**2 - z. Give k(b).
-7
Let f(x) = x**3 + 6*x**2 - 68*x - 20. Let q(h) = -2*h**3 - 12*h**2 + 147*h + 40. Let i(k) = 13*f(k) + 6*q(k). What is i(-4)?
20
Suppose 60 = 158*y - 154*y. Let u(p) = p**3 - 15*p**2 - 2. Let c be u(y). Let z(j) = 1. Let v(x) = 2*x. Let o(m) = 3*v(m) + 3*z(m). Give o(c).
-9
Let l(n) = -n**2 - 8*n + 8. Let r(y) = -y**3 - y**2 + 377*y + 50. Let t be r(19). Determine l(t).
15
Let m = -46550 - -46547. Let u(a) = 4*a - 3*a**2 + 2 + 0 + 2. Give u(m).
-35
Let j(t) be the third derivative of t**4/12 - t**3/2 - 9*t**2. Let s be j(0). Let r(u) = 6*u - u**2 + 3 - 2*u - 3*u. Give r(s).
-9
Suppose 2*i - 46 = -3*m, 0*m - 2*m + 4*i = -52. Suppose -12 = 2*l - m. Let u(g) = 3 + 2*g - 5*g + l*g**3 - 2*g**3 - 3*g**2 + 0*g**2. Give u(4).
7
Let y(o) = 3*o**3 + 6*o**2 - 2*o + 7. Let s(u) = 2*u**3 + 6*u**2 - 2*u + 7. Let d(w) = -6*w**2 + 2. Let n be d(1). Let r(b) = n*s(b) + 3*y(b). Calculate r(6).
5
Let u(x) be the third derivative of x**4/12 + x**3/6 - 8*x**2 - 6*x. Suppose 5*l + o + 13 = 2*l, -o = -l - 7. What is u(l)?
-9
Let n be 7 - ((-2)/(-9) + (-602)/(-126)). Let m(i) = -7*i**3 + 7*i - 5. Calculate m(n).
-47
Let z be ((-3)/2)/((-1)/2). Let g(h) = -48*h - 10377. Let c(a) = 29*a + 6342. Let f(b) = -18*c(b) - 11*g(b). What is f(z)?
9
Suppose -4*g = 2*t + 3*t - 14, -2*g - 2*t + 8 = 0. Let l(v) = 565 - g*v**3 + v**2 - 565 + v. Let r(i) = -i - 3. Let y be r(-2). What is l(y)?
6
Let g(h) = -2*h - 214. Let o(w) = -w - 78. Let i(q) = -4*g(q) + 11*o(q). Give i(9).
-29
Let a(f) = 2*f - 25. Let v be a(13). Let d(g) = v - 9*g - 2*g + 6*g - 6*g. Calculate d(-1).
12
Suppose 0 = -5*c + 5*j - 15, -c - 16 = 2*c + 4*j. Let n(t) = -8*t**2 - 3*t**3 - 270*t - 2 + 634*t - 370*t + t**3 + t**2 + t**3. Calculate n(c).
-26
Let v(q) = 3*q - 9. Suppose -128*r - 583 + 583 = 0. Give v(r).
-9
Let v(p) = -p + p - 1 + p. Let m(a) be the first derivative of -2*a**2 + 6*a - 140. Let d(s) = -m(s) - 5*v(s). Give d(2).
-3
Let v(t) = -t**2 - 169*t + 890. Let y be v(5). Let j(m) = m - 65. Give j(y).
-45
Let o be -11 - (-48)/6 - -3. Suppose b - 14 - 8 = 0. Let t(g) = 0 - g - b + 0. Determine t(o).
-22
Let n(q) = -2*q**3 - 3*q**2 - 4*q - 3. Let s be (4/5)/((-2)/(-835)). Suppose -3*t - 38 = s. Let k = -126 - t. What is n(k)?
9
Let m(f) = 29*f - 32*f - 550 + 618. Determine m(28).
-16
Let j(i) be the second derivative of -i**5/20 + 5*i**4/12 + i**3/6 - 3*i**2/2 + 596*i. Determine j(6).
-33
Let v(x) = -11*x**2 + 18*x - 23. Let g(n) = 9*n**2 - 14*n + 21. Let h(a) = -6*g(a) - 5*v(a). Calculate h(5).
-16
Let k(z) = 278*z - 114. Let c(l) = 98*l - 38. Let p(s) = -17*c(s) + 6*k(s). Determine p(15).
-8
Let f(v) = 3*v. Suppose 9*m - 183 - 114 = 0. Suppose 5*a + 3 = -2*g, 5*g = 5*a - m + 8. Give f(g).
-12
Let l(c) = -c**3 - 7*c**2 + 6*c + 18. Let y = -8995 - -8987. Calculate l(y).
34
Let q(r) = 7*r**2 - 4*r - 1. Let z(o) = 25*o + 578. Let p be z(-23). Calculate q(p).
50
Suppose 2*d - 13 - 3 = 0. Let s = d + -13. Let o(y) = -3*y**3 - 5*y**2 + 4*y**3 - 4*y**3 + 2*y**3 + 107*y - 109*y - 2. What is o(s)?
8
Let j be (35 - 35)*(-1)/(-1). Let q(y) = y**2 + 5*y - 33. Give q(j).
-33
Suppose 38*k - 33*k - 10 = 0, -r - 4*k = 5. Let u(f) = 3*f + 43. Determine u(r).
4
Let j(b) = -4*b + 4 - 63 + 50 + 0*b. Calculate j(-5).
11
Let g = 112 + -28. Suppose -8*n = -n + g. Let t(k) = -k**2 - 12*k + 1. Calculate t(n).
1
Let a(r) = -7*r + 24. Let s = 8706 - 8710. Give a(s).
52
Let d(q) = 10*q - 66. Let x(p) = 114*p + 121. Let y be x(-1). Calculate d(y).
4
Let q(c) = -2*c - 1. Suppose 50 = 4*d + 5*f, 3*d + 3*f - 16 = 2*d. Suppose -82 + 22 = -d*w. Suppose -w*k = 6 + 12. Calculate q(k).
5
Let a = 1622 + -1625. Let n(c) = 11*c + 14. Calculate n(a).
-19
Let g = 10 - 18. Let s(t) = 64*t - 15. Let c(f) = -39*f + 9. Let p(o) = 5*c(o) + 3*s(o). Calculate p(g).
24
Suppose 0 = -8*q + 65 - 49. Let u(g) = 8*g**2 + 391*g - g**3 + 11 - 382*g + g**q. Give u(10).
1
Let m(i) = -i**3 + 12*i**2 + 16*i - 44. Suppose -116 = 61*f - 658 - 251. Give m(f).
-5
Suppose 3*h = -s + 1, -23*h + 8 = 2*s - 20*h. Let g(b) = b**3 - 8*b**2 - 11. What is g(s)?
-60
Let w(x) = -x**2 - 20 + 18*x + 8*x + 26*x - 40*x. Calculate w(7).
15
Let r(k) = -6*k. Let u(n) = -17*n + 3. Let h(v) = -r(v) - u(v). Give h(-1).
-26
Let i(s) = s**3 + 13*s**2 + 17*s - 12. Let y be (-22)/(-264)*288/8 + (-30)/2. Calculate i(y).
-72
Let x = -212 + 218. Suppose 376 = x*k + 412. Let q(r) be the first derivative of r**2/2 + 13*r + 2. Calculate q(k).
7
Let n(u) = -u**3 + u**2 + u - 1. Let y(h) = 5*h**3 + h + 2. Let f(v) = -6*n(v) - y(v). Suppose -6*x = -17*x + 22. Let b be (x*2 + 80/8)/2. Give f(b).
4
Let i be (-31)/31 - (0 + 3)*-1. Suppose y + 18 = -4*g, 0*y + 3*g = i*y - 19. Let l(d) = -d**2 + 0*d**2 - 1 + y*d**2. What is l(-1)?
0
Let x = 212 + -163. Suppose 47*j - 4 = x*j. Let i(a) = a**3 + 3*a**2 + 4*a + 3. What is i(j)?
-1
Suppose 0 = -12*d + 12 + 12. Let c(v) = 3*v - 1. Let t(q) = -56*q + 20. Let a(f) = d*t(f) + 36*c(f). Calculate a(5).
-16
Let q(n) = n**2 + 10*n + 30. Suppose 5*k + 304*t + 45 = 309*t, 4*k - t + 21 = 0. Determine q(k).
6
Let c(p) = p**3 - p**2 + 2*p + 1. Let a(n) = -5*n**3 - n**2 - 11*n - 3. Let s(r) = a(r) + 6*c(r). Let q = 21 + -14. Calculate s(q).
10
Let o(y) = 55*y - 23. Let v(l) = -34 - 12*l - 11*l + 42 + 4*l. Let b(t) = 6*o(t) + 17*v(t). What is b(1)?
5
Let x(j) = -j**3 - 61*j**2 - 121*j - 186. Let q be x(-59). Let f(o) be the second derivative of -o**3/3 - 13*o**2/2 - 3*o. What is f(q)?
5
Let k = 4 - 3. Let j = -1 + k. Let p(w) = -13*w**3 + w**2 + 35*w - 13. Let b(n) = 74*n**3 - 6*n**2 - 198*n + 76. Let z(a) = 3*b(a) + 17*p(a). Calculate z(j).
7
Let d(l) = 2*l**2 + l + 11. Let t(m) = -748 - 4*m**2 - m + 731 + m**2. Let n(i) = 8*d(i) + 5*t(i). Suppose 5*q - 4*z = -19, 2*q - 3*q - 2*z = 1. Calculate n(q).
3
Let o = 46 + -40. Let h be 3*2/o + 10/(-2). Let d be h/(-4)*2/(-1 - 1). Let n(w) = w**3 + w**2 + 2*w + 1. Give n(d).
-1
Let o(j) = 2480*j + 2484*j - 18 + 18 - 4963*j. Let x be (-1)/1 + 1 - 1. What is o(x)?
-1
Let a(c) be 